What are the prime factors of g?
2, 5
Let p = 311 + -132. List the prime factors of p.
179
Let o(g) = g - 4. Let d be o(9). Suppose -2*h = -2*p - 7 - d, 0 = -2*h - 2*p + 8. Suppose -16 = -h*z + 19. List the prime factors of z.
7
Let s(q) = q**2 + 10*q - 13. Let g be s(-13). What are the prime factors of g*1/2 + 1?
2, 7
What are the prime factors of -7 + 9 + -1 + 109?
2, 5, 11
Let l(d) = d**3 - 4*d**2 - 4*d - 3. Let z be l(5). Suppose -z*c - 2*c = -32. List the prime factors of c.
2
Let q(a) = -2*a - 1. Let z(w) = -2*w. Let f(j) = 2*q(j) - 3*z(j). Let u be f(5). Let l = 16 - u. What are the prime factors of l?
2
Let y = -6 - -8. List the prime factors of (-15)/((y - -1)/(-9)).
3, 5
Suppose 0 = 6*w + 9*w - 570. What are the prime factors of w?
2, 19
Suppose 20*s + 381 = 23*s. List the prime factors of s.
127
Suppose 20 = -s + 5*g, 3*s + 5*g - 2 = 18. Suppose 2*d - 16 = -s*d. What are the prime factors of d?
2
Let c = 361 + -180. List the prime factors of c.
181
Let r(n) = 22*n**2 + 1. List the prime factors of r(-1).
23
Let o = 4 - 2. Suppose -g = -3*w - o*w + 102, -4*g = -12. What are the prime factors of w?
3, 7
Let i be 4 + (0 - -3)/3. Let p = i + -3. What are the prime factors of p?
2
Suppose -4*f + f + 11 = 2*d, 5*d - 10 = -4*f. List the prime factors of f.
5
Let m(v) = -2*v**3 - 3*v**2 - 2*v + 2. Suppose 2*c - 5*q + 2 = -6*q, -3*c - 29 = -5*q. Let u be m(c). Suppose 0 = 4*x - 9 - u. What are the prime factors of x?
11
Suppose -2 = 2*i, -2*i + 19 = 3*o - 30. Suppose 0 = -2*w - 5 + o. List the prime factors of w - (-3 - -3 - -2).
2
Suppose -1062 = -12*h - 102. List the prime factors of h.
2, 5
Suppose 4*r - 10 - 2 = 0. Suppose -3*u - 45 - r = 0. What are the prime factors of 2/(-3) + u/(-6)?
2
Let l = 20 + 29. Suppose g = -0*g + l. What are the prime factors of g?
7
What are the prime factors of (1/6*3)/((-5)/(-630))?
3, 7
Let o(a) = 2*a + 2. Let j(y) = 1. Let g(n) = -2*j(n) + o(n). Let l = -10 + 11. List the prime factors of g(l).
2
Let t(j) = j**2 + 2*j + 3. Let o be t(3). Suppose -o*u + 21*u - 6 = 0. What are the prime factors of u?
2
Let b = 1 - 5. Let p be (0 - -5)/(4/(-8)). Let v = b - p. List the prime factors of v.
2, 3
Suppose 4*d + 39 = s - 3, -2*d - 168 = -4*s. Let q = s - 20. List the prime factors of q.
2, 11
Let z(k) = -2*k**3 + k**2 - 3*k - 35. Let p(x) = 5*x**3 - 3*x**2 + 8*x + 106. Let y(l) = 3*p(l) + 8*z(l). What are the prime factors of y(0)?
2, 19
What are the prime factors of 128/10 + (-10)/(-50)?
13
Let i(n) be the first derivative of -n**4/2 - n**3/3 - n**2/2 + n - 2. What are the prime factors of i(-2)?
3, 5
Let q(d) = 5*d**2 - d. Suppose -2*f + 12 = 2*f + 5*j, 0 = -5*j. Suppose -f*v + 5 - 8 = 0. List the prime factors of q(v).
2, 3
Suppose -3*a + 3*i = -i - 21, 2*i = -3*a + 39. List the prime factors of a.
11
Suppose -6*m + 73 + 11 = 0. What are the prime factors of m?
2, 7
Let w be 4*(-4)/6*-3. Suppose 53 = 3*t + w. What are the prime factors of t?
3, 5
Suppose -5*f + 76 = -19. List the prime factors of f.
19
Let y be (8 - 7)/((-2)/18). Let w(z) = -z**3 - 8*z**2 + 8*z - 5. What are the prime factors of w(y)?
2
Suppose -87 = -4*r + 37. What are the prime factors of r?
31
Let t(u) = -u**2 - u - 5. Let q be t(0). Let k be (-1)/5 - 31/q. Suppose 5*d + k = 4*l, 6*d - 6 = l + d. What are the prime factors of l?
2
Let k = -2 - -1. Let a(j) = 8*j**3 - j**2 - j + 1. Let v be a(1). Let d = v + k. What are the prime factors of d?
2, 3
Suppose q - f - 3*f - 16 = 0, 0 = q - f - 22. Let z be (7/28)/(2/q). What are the prime factors of (0/(-3) - -6) + z?
3
Let s = -9 - -9. Suppose s*p = 2*p. Suppose p = -c + w + 13, 47 = 3*c - w + 6*w. What are the prime factors of c?
2, 7
Suppose 0 = 5*f - 25 - 35. List the prime factors of f.
2, 3
Suppose -2*x - 5*y - 36 = 0, 3*x + 2*y = -2*y - 40. Let g = -8 - x. Suppose g = k + 3*f - 4, 2*f - 7*f = k - 2. What are the prime factors of k?
7
Let g = 3 + 1. Suppose 0 = g*w, y - 8 = -y - 5*w. What are the prime factors of y?
2
Let p(i) = 12*i**3. Let w be p(-1). Let x be 1*w - 1*2. Let t = x + 20. List the prime factors of t.
2, 3
Let z(w) = w - 7. Let o be z(9). Let c = 6 + o. What are the prime factors of c?
2
Let m = -5 + -1. Let p = m + 15. List the prime factors of p.
3
Suppose -4*y + 2*v + 84 = 0, -8*y - v = -4*y - 72. Suppose -4*t = -y - 77. List the prime factors of t.
2, 3
Let w = -4 - -3. Let h = w - -5. What are the prime factors of h?
2
What are the prime factors of 3/9*-3 - -7?
2, 3
Let a = -7 - -11. Let n = -36 + 34. List the prime factors of -2*((-26)/a - n).
3
List the prime factors of -122*(-2)/4 + 3 + 2.
2, 3, 11
Let l = -101 - -365. What are the prime factors of l?
2, 3, 11
Let t(a) = -2*a**2 + 5*a. Let l be t(4). Let c = l - -17. List the prime factors of c.
5
Let t = -6 - -8. Let b(h) = 4*h**2 - 4*h + 2. List the prime factors of b(t).
2, 5
Suppose f = -f. Let b be (f + -1)*(1 - 4). Suppose -d + 3 = -b. List the prime factors of d.
2, 3
Suppose 1 = 5*r - 2*c + 7, -3*r = 4*c - 12. Suppose 2*n + 124 = 5*n - 5*z, r = 4*n - 4*z - 160. What are the prime factors of n?
2, 19
Let n = 533 + -377. What are the prime factors of n?
2, 3, 13
Suppose -23*i = -28*i + 790. List the prime factors of i.
2, 79
What are the prime factors of (4/(-3))/(12/(-54))?
2, 3
Suppose 0 = -0*s + s - 3. Suppose -s*c = -c - 38. List the prime factors of c.
19
Let z(y) be the first derivative of 5*y**2/2 - y - 6. What are the prime factors of z(2)?
3
Let n = 11 + -6. Suppose n*t = 3 + 12. Suppose -t*u + 7 = -5. List the prime factors of u.
2
Suppose -2*y + 126 = 2*m, 5*y = 2*m - 34 - 106. What are the prime factors of m?
5, 13
Suppose 79 = o - 28. What are the prime factors of o?
107
Let h = 4 + -6. Let b be (0 - -2)*(-3)/h. Let s(w) = 2*w - 4. List the prime factors of s(b).
2
Let m(q) be the first derivative of q**4/4 + 8*q**3/3 - q**2/2 + 8*q - 3. Let d be m(-7). Suppose -6 = -5*j + d. What are the prime factors of j?
2, 7
Suppose 0 = 3*r + 150 - 765. List the prime factors of r.
5, 41
Let t = 82 - 43. What are the prime factors of t?
3, 13
Let j(z) = z**2 - 5*z + 4. Let v be j(3). Let d = 15 + v. What are the prime factors of d?
13
Let k = -43 - -85. What are the prime factors of (-12)/k + (-65)/(-7)?
3
Let g(q) be the third derivative of -q**6/120 + q**4/8 - q**3/2 + q**2. List the prime factors of g(-3).
3, 5
Suppose 5*m = -2*i + 35, -3*m + i + 33 = 12. What are the prime factors of -4 + m + 3 + -1?
5
Suppose -3*n = -22 - 11. List the prime factors of n.
11
Let p(g) be the second derivative of 7*g**4/12 + g**3/3 - g**2 + 4*g. List the prime factors of p(-2).
2, 11
Suppose -63 = 4*n - 7*n. List the prime factors of n.
3, 7
Suppose -2*g - 6 = 2*z, -z - 2*z + 2*g - 34 = 0. Let i = -4 - z. Suppose 10 = r + 2*k, i*k + 0*k + 16 = 0. List the prime factors of r.
2, 3
Suppose 2*j - 312 = -3*n, 3*n + 5*j - 312 = 2*j. List the prime factors of n.
2, 13
Let x = -5 + 10. Let q(l) = 0*l**2 - 2 - 4*l + l**3 + 7*l + x*l**2. List the prime factors of q(-3).
7
Suppose -330 - 234 = -6*p. List the prime factors of p.
2, 47
Suppose 3*t - 305 = -2*t. List the prime factors of t.
61
Let z(t) = 20*t**3 - t**2 + 1. Let n(j) = j**3 + 6*j**2 + j + 7. Let h be n(-6). What are the prime factors of z(h)?
2, 5
Suppose 6*g - 5*g = 2. Suppose 3 = -3*n + g*f - 0*f, -3*n + 9 = 2*f. Suppose 3*k = 13 - n. What are the prime factors of k?
2
Let d be 18/(-6) - (-90 + 0). Suppose -5*g - 12 = -d. List the prime factors of g.
3, 5
Let o(w) = -7*w - 13. Let b be o(-6). Let g = -21 + b. List the prime factors of g.
2
Suppose -s - 176 = -4*m, -3*s + 3 = m - 41. List the prime factors of m.
2, 11
Let g = 128 + 93. List the prime factors of g.
13, 17
Let o = 124 - -21. What are the prime factors of o?
5, 29
Let i = -54 + 139. What are the prime factors of i?
5, 17
List the prime factors of (207/(-6))/(-3 + 21/8).
2, 23
List the prime factors of (-3)/(1740/(-575) - -3).
5, 23
Let x(a) = a**3 - 8*a**2 + 7*a + 1. Let v(o) = -2*o + 2. Let u be v(-2). Let g be x(u). Let f = -21 - g. What are the prime factors of f?
2
Suppose 0 = -9*y - 0*y + 135. What are the prime factors of y?
3, 5
Let v be (-2 + (5 - 3))/(-2). Suppose 3*s - 2*a - 124 = v, -a = -0*s + 2*s - 85. List the prime factors of s.
2, 3, 7
Let r = 126 + -87. What are the prime factors of 